6
What is the ten thousands digit of 288852064?
5
What is the tens digit of 7328374?
7
What is the hundred thousands digit of 2421546068?
5
What is the ten thousands digit of 816190669?
9
What is the units digit of 133048922?
2
What is the hundred millions digit of 4621262930?
6
What is the hundred millions digit of 1017643829?
0
What is the hundreds digit of 931044689?
6
What is the thousands digit of 24829687?
9
What is the units digit of 1912870557?
7
What is the hundreds digit of 123299078?
0
What is the ten millions digit of 508183928?
0
What is the hundreds digit of 856787984?
9
What is the hundreds digit of 225453731?
7
What is the hundred thousands digit of 762903216?
9
What is the ten millions digit of 62723604?
6
What is the tens digit of 296778024?
2
What is the hundreds digit of 74722094?
0
What is the ten thousands digit of 26855809?
5
What is the tens digit of 920964966?
6
What is the units digit of 1901851096?
6
What is the units digit of 983687887?
7
What is the ten millions digit of 4396457111?
9
What is the hundred millions digit of 120512079?
1
What is the ten millions digit of 632703312?
3
What is the ten millions digit of 1606080039?
0
What is the tens digit of 480606265?
6
What is the millions digit of 170377134?
0
What is the hundred thousands digit of 3162243?
1
What is the hundreds digit of 287678769?
7
What is the units digit of 32370408?
8
What is the tens digit of 111091614?
1
What is the billions digit of 2692009799?
2
What is the hundred thousands digit of 79511821?
5
What is the hundred thousands digit of 66335385?
3
What is the units digit of 304566268?
8
What is the hundred thousands digit of 172366084?
3
What is the thousands digit of 13591063?
1
What is the tens digit of 112387345?
4
What is the tens digit of 93427938?
3
What is the tens digit of 3340144291?
9
What is the tens digit of 28994294?
9
What is the millions digit of 105616045?
5
What is the billions digit of 1452601000?
1
What is the millions digit of 1067103620?
7
What is the thousands digit of 867994000?
4
What is the hundreds digit of 87566159?
1
What is the units digit of 1425574566?
6
What is the units digit of 2034432806?
6
What is the units digit of 21922089?
9
What is the hundred thousands digit of 133011560?
0
What is the ten thousands digit of 169739645?
3
What is the ten thousands digit of 1673519372?
1
What is the hundreds digit of 123692055?
0
What is the thousands digit of 37548886?
8
What is the millions digit of 51791907?
1
What is the hundred thousands digit of 1870842604?
8
What is the ten thousands digit of 20079908?
7
What is the ten thousands digit of 2628665?
2
What is the ten millions digit of 1650119582?
5
What is the ten millions digit of 500519520?
0
What is the tens digit of 96664231?
3
What is the hundred millions digit of 454689565?
4
What is the millions digit of 5310664?
5
What is the tens digit of 525563978?
7
What is the ten millions digit of 80436616?
8
What is the hundreds digit of 29801287?
2
What is the hundreds digit of 3353001341?
3
What is the units digit of 503761953?
3
What is the tens digit of 3912107107?
0
What is the ten millions digit of 83244992?
8
What is the thousands digit of 585934826?
4
What is the hundred millions digit of 1929216050?
9
What is the hundreds digit of 14179716?
7
What is the tens digit of 10829953?
5
What is the thousands digit of 1422289425?
9
What is the units digit of 54851078?
8
What is the thousands digit of 8197706?
7
What is the hundred millions digit of 232147919?
2
What is the ten thousands digit of 1834353?
3
What is the hundred thousands digit of 1198670791?
6
What is the units digit of 497131802?
2
What is the thousands digit of 38454818?
4
What is the hundreds digit of 23773959?
9
What is the billions digit of 2458755414?
2
What is the units digit of 89477578?
8
What is the hundreds digit of 766964479?
4
What is the ten millions digit of 372147839?
7
What is the hundred millions digit of 540595595?
5
What is the tens digit of 3176928?
2
What is the units digit of 1012556359?
9
What is the ten thousands digit of 61361937?
6
What is the ten millions digit of 41348624?
4
What is the ten thousands digit of 1065121176?
2
What is the hundreds digit of 634850927?
9
What is the hundred thousands digit of 203105502?
1
What is the ten thousands digit of 776465424?
6
What is the thousands digit of 1198807719?
7
What is the hundred millions digit of 104952146?
1
What is the millions digit of 509748683?
9
What is the ten millions digit of 393082082?
9
What is the billions digit of 2202843402?
2
What is the ten thousands digit of 130772539?
7
What is the ten millions digit of 4039707913?
3
What is the tens digit of 74800200?
0
What is the tens digit of 500967504?
0
What is the hundreds digit of 251763824?
8
What is the ten millions digit of 59370241?
5
What is the ten thousands digit of 255378977?
7
What is the hundreds digit of 483577725?
7
What is the hundreds digit of 3023564?
5
What is the millions digit of 22406761?
2
What is the tens digit of 1385097349?
4
What is the thousands digit of 682080335?
0
What is the hundred millions digit of 2114110196?
1
What is the hundred millions digit of 937845846?
9
What is the millions digit of 117904753?
7
What is the thousands digit of 82741885?
1
What is the hundred thousands digit of 139934159?
9
What is the ten thousands digit of 50652980?
5
What is the hundreds digit of 887887882?
8
What is the hundred thousands digit of 35488549?
4
What is the tens digit of 647562918?
1
What is the ten thousands digit of 7445114?
4
What is the hundreds digit of 629069855?
8
What is the millions digit of 7134555?
7
What is the ten millions digit of 11615258?
1
What is the hundred millions digit of 2999665485?
9
What is the thousands digit of 158202706?
2
What is the hundreds digit of 167906980?
9
What is the units digit of 1690348330?
0
What is the thousands digit of 286056703?
6
What is the millions digit of 659476814?
9
What is the hundred thousands digit of 272733967?
7
What is the billions digit of 2774231820?
2
What is the hundred thousands digit of 205931466?
9
What is the ten thousands digit of 660374674?
7
What is the ten millions digit of 48479307?
4
What is the hundred millions digit of 387070447?
3
What is the hundreds digit of 350378999?
9
What is the ten thousands digit of 61332419?
3
What is the ten thousands digit of 54440486?
4
What is the millions digit of 433058126?
3
What is the ten millions digit of 149205711?
4
What is the ten thousands digit of 646736334?
3
What is the hundred millions digit of 277216475?
2
What is the ten thousands digit of 298642956?
4
What is the hundred thousands digit of 1188043768?
0
What is the units digit of 3101828946?
6
What is the millions digit of 205207185?
5
What is the thousands digit of 276847216?
7
What is the millions digit of 574815402?
4
What is the tens digit of 227931545?
4
What is the millions digit of 58046278?
8
What is the hundreds digit of 231367372?
3
What is the ten millions digit of 203899279?
0
What is the hundred thousands digit of 40131363?
1
What is the hundred thousands digit of 121075398?
0
What is the hundred millions digit of 2150048509?
1
What is the millions digit of 284684765?
4
What is the ten millions digit of 3177208578?
7
What is the thousands digit of 464466162?
6
What is the millions digit of 48196109?
8
What is the ten millions digit of 17941320?
1
What is the ten millions digit of 1167646596?
6
What is the hundred thousands digit of 969127496?
1
What is the hundreds digit of 227105748?
7
What is the millions digit of 1076974448?
6
What is the hundreds digit of 858375224?
2
What is the hundreds digit of 4537113631?
6
What is the thousands digit of 11156079?
6
What is the tens digit of 2331238022?
2
What is the hundreds digit of 9294986?
9
What is the tens digit of 56229925?
2
What is the millions digit of 89203314?
9
What is the hundreds digit of 821959842?
8
What is the millions digit of 47261987?
7
What is the ten thousands digit of 486073014?
7
What is the thousands digit of 1617559513?
9
What is the thousands digit of 154202489?
2
What is the tens digit of 56302774?
7
What is the thousands digit of 1100297629?
7
What is the thousands digit of 1315355877?
5
W